ne y(1).
17
Let n(r) = -r**2 + 16*r - 51. Give n(9).
12
Let a(k) = -23*k**3 - 5*k**2 + 8*k + 3. Give a(2).
-185
Let j(u) = 22*u - 295. Give j(14).
13
Let o(x) = -445*x + 3550. Give o(8).
-10
Let j(x) = -x**3 + 6*x**2 + 49*x - 143. Calculate j(9).
55
Let u(z) = 6*z**2 + 152*z + 62. Give u(-22).
-378
Let l(z) = -9*z**3 + 13*z + 20. Determine l(-2).
66
Let p(c) = c**3 + 21*c**2 - 2*c - 61. Give p(-21).
-19
Let b(g) = 243*g**3 + 8*g**2 - 4. Give b(1).
247
Let n(l) = 2*l**3 + 3*l**2 + 3*l - 1. What is n(-2)?
-11
Let z(h) = h**3 + 7*h**2 - 26*h + 17. Give z(0).
17
Let u(b) = 10*b**2 - 88*b + 62. Calculate u(8).
-2
Let o(i) = -2*i**3 - 8*i**2 - i + 2. Give o(-4).
6
Let p(z) = -1688*z + 11815. Calculate p(7).
-1
Let m(c) = -c**3 - 6*c**2 + 39*c + 59. Calculate m(-9).
-49
Let m(p) = -p**3 - 549*p**2 - 1644*p - 34. Calculate m(-3).
-16
Let y(s) = s**2 - 117*s - 3608. Determine y(-25).
-58
Let p(i) = -17*i**2 + 2599*i + 303. Give p(153).
-3
Let d(r) = -r**2 + 3*r + 320. Give d(-18).
-58
Let l(a) = 27*a - 36. Determine l(12).
288
Let p(f) = f**2 - 101*f + 1751. Determine p(22).
13
Let l(r) = -r**3 + 5*r**2 + 22*r - 205. What is l(6)?
-109
Let j(x) = -2*x**3 - 16*x**2 + 258*x + 2065. Give j(-8).
1
Let r(h) = h**3 - 51*h**2 + h - 44. Give r(51).
7
Let n(k) = -2*k**3 - 2*k**2 + 54*k - 153. Calculate n(-7).
57
Let u(a) = -5*a - 156. Calculate u(-31).
-1
Let k(g) = 7*g**2 + 189*g - 866. Give k(-31).
2
Let u(j) = j**3 + 8*j**2 - 52*j - 295. Determine u(-11).
-86
Let j(m) = 9*m**3 - 9*m**2 - 58*m - 6. Give j(-3).
-156
Let n(c) = -c**3 - 3*c**2 + 8*c - 7. Determine n(2).
-11
Let p(c) = 408*c + 3250. Give p(-8).
-14
Let k(a) = -a**3 + 104*a**2 + 136*a - 3222. Determine k(105).
33
Let l(w) = 82*w**2 - 10*w - 8. Determine l(3).
700
Let v(h) = -h**3 + 14*h**2 + 3*h + 31. Give v(14).
73
Let z(o) = 2*o**2 - 15*o - 1153. What is z(28)?
-5
Let m(v) = v**3 + 17*v**2 + 18*v + 36. What is m(-15)?
216
Let s(y) = y**3 + 2*y**2 - 4*y + 20. Give s(-5).
-35
Let x(j) = 9*j**2 + 55*j - 74. Give x(-8).
62
Let b(x) = 23*x + 18. Determine b(-3).
-51
Let j(v) = -3*v**3 - 61*v**2 + 32*v - 219. What is j(-21)?
-9
Let v(i) = 2*i**3 + 59*i**2 + 181*i - 19. What is v(-26)?
7
Let s(l) = -l**2 + 3*l + 165. What is s(13)?
35
Let v(x) = 5*x**2 - 28*x - 13. What is v(6)?
-1
Let a(u) = u**3 - 15*u**2 - 58*u + 79. Give a(18).
7
Let l(o) = -570*o + 57572. Give l(101).
2
Let y(s) = 57*s + 1167. Determine y(-21).
-30
Let x(n) = -20*n**3 - 40*n**2 + 4. Determine x(-2).
4
Let b(o) = 87*o + 1032. Calculate b(-12).
-12
Let r(d) = 8*d**2 + 736*d - 2. What is r(-92)?
-2
Let g(x) = 65*x**2 + 2076*x - 34. Determine g(-32).
94
Let o(d) = -d + 125. Give o(37).
88
Let j(c) = -4*c**2 + 880*c - 5962. Calculate j(213).
2
Let m(x) = -4*x**3 + 19*x**2 - 17*x - 8. Calculate m(3).
4
Let x(n) = -28*n**2 - 638*n - 2007. Give x(-19).
7
Let h(y) = -y**3 - 5*y**2 + 10*y + 15. Calculate h(-8).
127
Let t(i) = -3*i**2 + 6*i + 11. Give t(6).
-61
Let n(s) = 2*s**3 + 14*s**2 - 80*s + 174. Determine n(-11).
86
Let d(x) = x**3 + 1769*x**2 + 17591*x + 11. Calculate d(-10).
1
Let j(c) = -c**2 + 131*c + 1723. Give j(143).
7
Let g(i) = -2534*i + 25360. Give g(10).
20
Let f(j) = -164*j - 7089. Calculate f(-43).
-37
Let h(r) = r**3 + 27*r**2 - 6*r - 167. What is h(-27)?
-5
Let v(u) = 1776*u + 10333. Calculate v(-6).
-323
Let t(k) = -k**3 + 37*k**2 - 42*k + 107. Give t(36).
-109
Let d(u) = 24*u - 9765. Determine d(407).
3
Let z(b) = 2*b**2 + 31*b - 153. Give z(-19).
-20
Let l(s) = -225*s**2 - 7*s - 8. What is l(-1)?
-226
Let a(q) = -2*q**2 - 61*q - 221. Calculate a(-4).
-9
Let r(a) = 14*a + 124. What is r(-8)?
12
Let q(x) = 27*x**2 + 24*x + 33. Give q(-1).
36
Let n(y) = -275*y + 837. Calculate n(3).
12
Let p(g) = -g**3 + 25*g**2 + 545*g + 43. Calculate p(39).
4
Let t(g) = 15*g**2 - 498*g + 2180. What is t(28)?
-4
Let b(t) = 358*t + 2162. Calculate b(-6).
14
Let m(d) = 4*d**2 - 164*d - 923. Calculate m(46).
-3
Let u(z) = -2*z**3 - 25*z**2 - 18*z - 53. Give u(-12).
19
Let r(y) = -y**3 - 3*y**2 + 31*y + 62. Determine r(6).
-76
Let l(h) = 2*h**2 + 146*h + 1462. What is l(-61)?
-2
Let n(j) = 32*j**2 + 294*j - 22. Give n(-9).
-76
Let z(c) = -2*c**2 - c - 4. Give z(5).
-59
Let s(g) = -50*g**2 + 3*g + 2. Determine s(-1).
-51
Let h(d) = -d**2 - 4*d + 286. Calculate h(13).
65
Let s(y) = y**3 + 16*y**2 - 660*y - 118. Give s(19).
-23
Let l(b) = 67*b + 1410. Determine l(-21).
3
Let b(j) = j**2 - 10*j + 34. Determine b(6).
10
Let r(u) = 2*u**2 - 254*u + 2347. What is r(117)?
7
Let d(m) = m**3 + 30*m**2 - 22*m + 261. Calculate d(-31).
-18
Let t(l) = 39*l**2 + 350*l - 16. Determine t(-9).
-7
Let u(x) = -28*x - 272. What is u(0)?
-272
Let g(u) = 2*u**2 - 200*u + 4866. Calculate g(58).
-6
Let o(t) = -7*t**2 - 17*t + 8. What is o(0)?
8
Let j(h) = 2*h**2 - 10*h - 71. What is j(10)?
29
Let v(r) = -2*r**2 + 4*r - 13. Calculate v(3).
-19
Let w(n) = -n**2 - 515*n - 11308. What is w(-23)?
8
Let y(t) = 3*t**3 + 78*t**2 + 20*t + 545. Determine y(-26).
25
Let v(p) = -p**3 - 54*p**2 - 62*p - 467. What is v(-53)?
10
Let n(d) = -1391*d + 13910. Give n(10).
0
Let a(h) = 18*h**2 + 27*h + 54. What is a(-2)?
72
Let l(w) = -1828*w + 1826. Calculate l(1).
-2
Let c(i) = -6442*i + 277001. Give c(43).
-5
Let s(f) = f**3 - 36*f**2 + 967*f - 39636. Determine s(38).
-2
Let x(z) = -z**3 + 24*z**2 + 24*z + 68. What is x(25)?
43
Let i(x) = -131*x - 929. Give i(-7).
-12
Let v(q) = 19*q + 520. What is v(-29)?
-31
Let n(r) = 49*r**2 + 9*r - 8. Give n(1).
50
Let z(h) = -h**2 - 32*h - 90. Give z(-3).
-3
Let w(x) = -2*x**2 - 4*x + 93. Determine w(-10).
-67
Let v(h) = 3*h**2 - 6*h - 146. Determine v(5).
-101
Let v(w) = -2*w**2 - 247*w + 1207. What is v(-128)?
55
Let h(f) = -12*f**3 - 5*f**2 - 3*f + 13. What is h(-4)?
713
Let c(s) = s**2 + 222*s - 2570. Give c(11).
-7
Let p(h) = -3*h + 302. Determine p(47).
161
Let q(d) = -d**2 - 372*d + 49. Give q(0).
49
Let d(j) = 14*j**2 + 223*j + 828. Give d(-10).
-2
Let j(x) = 126*x - 1599. Give j(13).
39
Let l(g) = 5*g**2 + 110*g + 541. Give l(-9).
-44
Let r(h) = 134*h - 34. Determine r(1).
100
Let h(t) = -20*t + 325. Determine h(15).
25
Let n(h) = 1115*h - 113725. Calculate n(102).
5
Let d(n) = -424*n + 1355. Give d(3).
83
Let h(s) = 2*s**3 + 2*s**2 - 55*s - 16. Calculate h(-6).
-46
Let r(f) = f**3 + 29*f**2 + 27*f - 91. Determine r(-28).
-63
Let o(j) = -27*j**2 - 32*j + 7. Determine o(-3).
-140
Let h(q) = -5*q**2 + 147*q - 449. Calculate h(26).
-7
Let u(v) = -629*v + 3139. Give u(5).
-6
Let a(f) = -41*f - 376. Give a(-8).
-48
Let p(i) = -9*i - 61. What is p(13)?
-178
Let v(r) = -15*r + 302. Calculate v(18).
32
Let z(m) = m**3 + 34*m**2 - 67*m + 188. Give z(-36).
8
Let r(g) = -g**2 + 3*g - 5. Determine r(4).
-9
Let a(i) = -54*i**2 - 163*i + 13. Give a(-3).
16
Let b(n) = -5*n**2 + 36*n - 122. Calculate b(4).
-58
Let m(f) = f**2 - 8*f + 18. Give m(26).
486
Let r(c) = -c**2 + 2*c + 25. What is r(19)?
-298
Let i(h) = -2*h**2 + 8859*h - 53103. Determine i(6).
-21
Let n(i) = -2*i**3 - 6*i**2 + 48*i - 10. What is n(-7)?
46
Let s(w) = -5*w**3 - 171*w**2 - 26*w + 252. What is s(-34)?
-20
Let l(i) = -i**2 - i + 80. Give l(12).
-76
Let u(y) = 3*y**2 + 7*y + 49. Calculate u(9).
355
Let b(i) = -4*i**3 - 241*i**2 - 64*i - 240. Determine b(-60).
0
Let b(y) = -y**3 - 10*y**2 - 3*y + 45. Determine b(-9).
-9
Let g(b) = -2*b**3 - 10*b**2 + b + 4. Give g(-4).
-32
Let n(w) = -81*w**2 - 1. What is n(1)?
-82
Let q(d) = 5*d**2 + 42*d - 415. What is q(7)?
124
Let m(f) = f**3 - 15*f**2 + 154*f - 1693. Determine m(13).
-29
Let n(l) = l**3 - 116*l**2 - 605*l - 21. Determine n(121).
-21
Let i(x) = 2*x**2 + 27*x + 43. Calculate i(-2).
-3
Let t(q) = 1258*q + 23902. Determine t(-19).
0
Let a(h) = h**3 - 15*h**2 - 20*h + 2. Give a(16).
-62
Let o(x) = -9*x - 114. Determine o(-14).
12
Let n(y) = y + 39. Determine n(4).
43
Let m(b) = -6*b + 207. What is m(28)?
39
Let v(n) = -n**3 - 11*n**2 - 42*n - 50. Calculate v(-8).
94
Let a(f) = 33*f - 129. Calculate a(7).
102
Let v(m) = m**2 + 687*m + 3442. Calculate v(-5).
32
Let i(v) = -4*v - 6. Calculate i(2).
-14
Let z(j) = -40*j - 480. Give z(-12).
0
Let g(w) = -3*w**3 + 27*w**2 + 218*w - 1959. Give g(9).
3
Let o(r) = r**2 + 36*r - 1970. Give o(31).
107
Let m(o) = o**2 + 31*o + 19. What is m(-14)?
-219
Let g(p) = -2*p**3 - 31*p**2 - 46*